{"id":6,"date":"2011-09-29T16:56:39","date_gmt":"2011-09-29T16:56:39","guid":{"rendered":"https:\/\/lesepinesdemymirose.eliosdesign.com\/?page_id=6"},"modified":"2016-11-24T05:31:10","modified_gmt":"2016-11-24T05:31:10","slug":"concerts","status":"publish","type":"page","link":"https:\/\/lesepinesdemymirose.eliosdesign.com\/?page_id=6","title":{"rendered":"Concerts"},"content":{"rendered":"<h1><strong>Concerts 2016 &#8211; 2017<\/strong><\/h1>\n<p>&nbsp;<\/p>\n<p><span style=\"color: #000000;\"><span style=\"font-family: 'HelveticaNeueLT Std', sans-serif;\"><span style=\"font-size: x-small;\"><span style=\"font-family: 'HelveticaNeueLT Std Med Ext', sans-serif;\">La programmation est disponible sur la page\u00a0: <\/span><\/span><\/span><\/span><\/p>\n<p><span style=\"color: #000000;\"><span style=\"font-family: 'HelveticaNeueLT Std', sans-serif;\"><span style=\"font-size: small;\"><span style=\"font-family: 'HelveticaNeueLT Std Med Ext', sans-serif;\">Facebook \u00a0\u00e9v\u00e8nements Les \u00e9pines de Mymi Rose<\/span><\/span><\/span><\/span><\/p>\n<p><a href=\"https:\/\/www.facebook.com\/lesepinesdemymirose\/events\"><span style=\"color: #dc2300;\"><span style=\"font-family: 'HelveticaNeueLT Std', sans-serif;\"><span style=\"font-size: small;\">https:\/\/www.facebook.com\/lesepinesdemymirose<\/span><\/span><\/span><\/a><\/p>\n<p>&nbsp;<\/p>\n<p>&nbsp;<\/p>\n<p>&nbsp;<\/p>\n<p>&nbsp;<\/p>\n<p>&nbsp;<\/p>\n<p>&nbsp;<\/p>\n<p>&nbsp;<\/p>\n<p style=\"text-align: justify;\">&nbsp;<\/p>\n<p style=\"text-align: justify;\"><strong> <\/strong><\/p>\n","protected":false},"excerpt":{"rendered":"<p>Concerts 2016 &#8211; 2017 &nbsp; La programmation est disponible sur la page\u00a0: Facebook \u00a0\u00e9v\u00e8nements Les \u00e9pines de Mymi Rose https:\/\/www.facebook.com\/lesepinesdemymirose &nbsp; &nbsp; &nbsp; &nbsp; &nbsp; &nbsp; &nbsp; &nbsp;<\/p>\n","protected":false},"author":1,"featured_media":0,"parent":0,"menu_order":3,"comment_status":"open","ping_status":"open","template":"","meta":{"footnotes":""},"_links":{"self":[{"href":"https:\/\/lesepinesdemymirose.eliosdesign.com\/index.php?rest_route=\/wp\/v2\/pages\/6"}],"collection":[{"href":"https:\/\/lesepinesdemymirose.eliosdesign.com\/index.php?rest_route=\/wp\/v2\/pages"}],"about":[{"href":"https:\/\/lesepinesdemymirose.eliosdesign.com\/index.php?rest_route=\/wp\/v2\/types\/page"}],"author":[{"embeddable":true,"href":"https:\/\/lesepinesdemymirose.eliosdesign.com\/index.php?rest_route=\/wp\/v2\/users\/1"}],"replies":[{"embeddable":true,"href":"https:\/\/lesepinesdemymirose.eliosdesign.com\/index.php?rest_route=%2Fwp%2Fv2%2Fcomments&post=6"}],"version-history":[{"count":97,"href":"https:\/\/lesepinesdemymirose.eliosdesign.com\/index.php?rest_route=\/wp\/v2\/pages\/6\/revisions"}],"predecessor-version":[{"id":379,"href":"https:\/\/lesepinesdemymirose.eliosdesign.com\/index.php?rest_route=\/wp\/v2\/pages\/6\/revisions\/379"}],"wp:attachment":[{"href":"https:\/\/lesepinesdemymirose.eliosdesign.com\/index.php?rest_route=%2Fwp%2Fv2%2Fmedia&parent=6"}],"curies":[{"name":"wp","href":"https:\/\/api.w.org\/{rel}","templated":true}]}}